?
10
Suppose -4*p + 4 = -4. Suppose -2*o + 48 = s, 0 = -3*s - p*o + 66 + 70. Calculate the highest common divisor of s and 22.
22
Let m = 42 + -30. Calculate the greatest common divisor of m and 4.
4
Suppose -11 + 7 = k. Let l be (k/8)/(1/(-16)). What is the highest common divisor of 16 and l?
8
Let z(x) be the third derivative of x**6/30 - x**5/60 - x**4/12 + 4*x**2. Suppose -2*r + 10 = 3*r. Let s be z(r). What is the highest common factor of s and 48?
24
Let d = -14 - -22. Let g be ((-5)/(-10))/((-2)/d). Let j be g/7 + (-749)/(-49). What is the greatest common factor of j and 30?
15
Let m(i) = -i + 12. Let q be m(11). Let s be ((-4)/(-10))/(q/45). Calculate the highest common divisor of s and 9.
9
Let p be 12/3*3/2. Let l = -5 + 8. Suppose 0 = j - l - 39. Calculate the greatest common factor of j and p.
6
Let x = -61 + 134. Suppose 3*p - x - 179 = 0. Calculate the highest common factor of p and 28.
28
Let d be (-6)/10 - 1984/(-40). Calculate the greatest common factor of d and 7.
7
Suppose -2*c = -7*c + 600. Let x = -70 + c. Calculate the greatest common divisor of 10 and x.
10
Let i(q) be the third derivative of -q**6/120 + 13*q**5/60 + q**4/4 + q**3 - q**2. Let n be i(13). Calculate the greatest common factor of 12 and n.
12
Let f be 8/(-56) + 212/14. Let l be 9/f - (-1954)/10. Calculate the greatest common factor of 28 and l.
28
Suppose 0 = 2*c + 2*p - 318, -4*c = -3*c + 3*p - 157. Suppose 0 = 2*a + 2*a - c. Let g = -20 + a. Calculate the greatest common divisor of 180 and g.
20
Let g(w) = -w**3 + 6*w**2 - 3*w + 2. Let j be g(5). Let z = 520 - 276. Let f be 1/(2/z) - 2. Calculate the highest common factor of f and j.
12
Suppose 3*w - 32 - 22 = 0. Calculate the highest common factor of w and 90.
18
Suppose 2*x + 12 = 4*x. Let h be (8/x)/(7/462). What is the greatest common factor of h and 11?
11
Suppose -3 = 4*p - d - 5, -4*p = -2*d - 4. Suppose -5*q + 224 = -4*j, -3*j = -p*j - 12. What is the highest common factor of 32 and q?
16
Suppose 0*m - 2*m + 120 = 0. Let p = 17 - 2. Let a be 355/p + 2/6. Calculate the greatest common divisor of a and m.
12
Let i = 9 - 4. Suppose -4*t = i*h - 205, 3*h - 4*t - 110 = -9*t. What is the greatest common factor of 15 and h?
15
Suppose 2*c - 2*p - 43 = 95, 0 = -2*c + 4*p + 132. Calculate the highest common divisor of c and 54.
18
Let f = -7 - -5. Let a be 21/12 + f/(-8). Let s = -1 + a. Calculate the highest common factor of s and 7.
1
Suppose -3*m + 17*m - 1372 = 0. Calculate the greatest common factor of m and 14.
14
Let o(s) = s**2 - 2*s + 3. Let z be o(3). Let k be 6/(-27) + 60/27. Suppose -k*g = 43 - 151. Calculate the highest common divisor of z and g.
6
Let q(v) = v**3 - 3*v**2 - 2*v - 18. Let j(b) = -b**2 - b + 1. Let x(m) = 2*j(m) - q(m). Let p be x(0). What is the greatest common divisor of p and 220?
20
Let i be 11/(3/(-2 - -14)). Suppose 2*d = i + 56. Let m be (-629)/(-119) + 4/(-14). Calculate the highest common factor of d and m.
5
Suppose -4*l + 15 - 7 = 0. Suppose 2*m - 460 = -m - l*c, -5*m - 5*c + 765 = 0. What is the highest common divisor of m and 22?
22
Let n be (-87)/(-15) + 1/5. Calculate the highest common divisor of 3 and n.
3
Suppose a - 39 = -2*a. Let l(k) = -19*k + 10. Let r be l(-7). Calculate the greatest common divisor of r and a.
13
Suppose -16 = h - 18. What is the greatest common divisor of 16 and h?
2
Suppose -11*l + 12*l = 80. Calculate the greatest common divisor of 10 and l.
10
Let s = -57 + 60. What is the highest common divisor of s and 9?
3
Let t be 0 + (0 - 1) + 15. Calculate the highest common divisor of t and 35.
7
Suppose c + 30 = 7*c. Let v = 34 - -131. Suppose -4*u = 25 - v. Calculate the highest common divisor of c and u.
5
Let w be 6/(48/(-20))*-22. What is the greatest common divisor of 22 and w?
11
Suppose -l - h = -19, 8*l + 4*h = 3*l + 94. Suppose 27 = 5*u - l. What is the highest common factor of 72 and u?
9
Suppose 0 = q + q - 12. Let n(v) = -3*v + 9. Let x be n(-9). Calculate the greatest common divisor of q and x.
6
Suppose 4*s - 52 = 452. Let c be (-1)/4 - 73/(-4). Calculate the highest common factor of c and s.
18
Let o be 1 + (42/2 - -2). What is the greatest common divisor of o and 36?
12
Let b(d) = 2*d - 1. Let p be b(5). Suppose -p + 0 = -3*f. Calculate the highest common factor of 3 and f.
3
Let x be (-1 + 13)*(-1)/(-2). Let z = 10 - x. Calculate the highest common divisor of 44 and z.
4
Let j = 94 + -82. Suppose 4*t - 15 = 17. Calculate the highest common divisor of t and j.
4
Let n(i) = -i - 5. Let z be n(-7). Suppose -z*u = -23 - 31. What is the highest common factor of 18 and u?
9
Let g = 35 - 11. Let k be (-2)/(-14)*-12*-7. What is the highest common factor of g and k?
12
Let x be 8*(-2 - (-17)/2). Let f be 580/44 + (-2)/11. Calculate the highest common divisor of f and x.
13
Let n(p) be the second derivative of -p**4/12 + 11*p**3/6 + 3*p**2 + p. Let t be n(8). Let d be (6/(-3) - 1)*-5. What is the highest common divisor of d and t?
15
Let o be (144/40)/((-3)/(-160)). What is the highest common divisor of o and 32?
32
Let k be (1 - -2)/((-9)/(-6)). Suppose 4*t - 240 = k*t. What is the greatest common divisor of t and 15?
15
Let r(q) = q**3 + 12*q**2 - 14*q - 18. Let m be r(-13). Let z be ((-14)/(-4))/(m/(-40)). What is the highest common factor of 7 and z?
7
Suppose -2*m + 8 = -12. Calculate the greatest common divisor of m and 80.
10
Suppose -5*z = -2*y + 20, 3*y - z - 30 = -6*z. Calculate the greatest common factor of 5 and y.
5
Let x(b) = -b**2 + 8*b - 2. Let v be x(4). Let i be (-2)/(-4) + 35/v. Calculate the highest common factor of i and 33.
3
Let k = -6 - -6. Suppose -4*p + 32 + k = 0. Calculate the greatest common factor of 1 and p.
1
Let p = -22 - -40. Calculate the greatest common divisor of 18 and p.
18
Let v = 15 + -11. Suppose v*z - 190 - 30 = 0. Let o = 68 - 46. Calculate the highest common divisor of o and z.
11
Suppose -4*f = f - 15. Calculate the highest common factor of 6 and f.
3
Suppose 3*z - 12 = -m - 1, 4*z - 12 = 0. Let w be (-9)/36 - 82/(-8). What is the highest common factor of m and w?
2
Suppose 0 = -4*d - d - 175. Let k = 15 + d. Let l = 100 + k. Calculate the greatest common divisor of 10 and l.
10
Let q = 35 - 21. What is the greatest common factor of q and 7?
7
Let w(y) be the second derivative of -y**3/6 + 2*y**2 + 6*y. Let f be w(-10). Calculate the greatest common divisor of 112 and f.
14
Let p(g) = -3*g + 16. Let r be p(-8). Suppose 20 + 28 = 3*q. Calculate the highest common divisor of q and r.
8
Let z = 11 + 1. What is the greatest common divisor of z and 4?
4
Let l = -64 + 112. Calculate the greatest common factor of l and 16.
16
Suppose -h = -2*h - 77. Let a be -1 - h/1*1. Calculate the highest common divisor of a and 19.
19
Let k(h) be the third derivative of -h**4/24 - 4*h**3/3 + 3*h**2. Let v be k(6). Let j = v + 49. Calculate the highest common factor of j and 14.
7
Let f(o) = o**2 + 11*o - 6. Let x be f(-13). Calculate the greatest common factor of x and 40.
20
Let a be 37 - (-2)/4*-2. What is the greatest common factor of a and 4?
4
Let s(n) = -5*n - 7. Let m(i) = 5*i + 6. Let j(l) = -4*m(l) - 3*s(l). Let q be j(-2). What is the highest common factor of 1 and q?
1
Let v be 3 - -1 - (-6)/(-12)*-10. What is the highest common divisor of v and 2?
1
Suppose 6*s - 69 = 15. Let w be 1/(-3)*(3 - 24). What is the greatest common factor of s and w?
7
Let o(f) = -29*f**3 + 2*f**2 + 2*f + 1. Let h be 7/(-28) + 6/(-8). Let i be o(h). Calculate the greatest common divisor of i and 210.
30
Let a = -115 - -220. Suppose -4*p - v = -5*v - 116, 5*p + 5*v = 95. Suppose -p = 3*j - 150. Calculate the greatest common factor of a and j.
21
Let s be 2*(3 - -15 - -3). Calculate the highest common divisor of 56 and s.
14
Suppose v = -15 + 21. Calculate the highest common factor of v and 54.
6
Let c = -17 - -72. Suppose -3*i = 2*i - u + 20, -4*i + 5*u = -5. Let v = 16 + i. Calculate the highest common factor of c and v.
11
Let n = -62 - -138. Suppose -5*m - 11 + n = 0. What is the greatest common factor of m and 26?
13
Let o(a) be the third derivative of a**6/120 - a**5/30 - a**4/12 + a**3/2 + a**2. Let p be o(3). What is the greatest common factor of 6 and p?
6
Suppose 2*s = -3*s. Let p be 11*(9 + -1 + s). Suppose 4